 is the tens digit of 8550726?
2
What is the ten thousands digit of 229335?
2
What is the hundreds digit of 3564941?
9
What is the thousands digit of 6486568?
6
What is the hundreds digit of 693377?
3
What is the ten thousands digit of 390167?
9
What is the thousands digit of 159559?
9
What is the thousands digit of 6940?
6
What is the ten thousands digit of 227358?
2
What is the millions digit of 9392303?
9
What is the units digit of 19214327?
7
What is the tens digit of 1612874?
7
What is the units digit of 454199?
9
What is the millions digit of 4799006?
4
What is the hundreds digit of 3975093?
0
What is the ten thousands digit of 951872?
5
What is the hundreds digit of 336114?
1
What is the hundreds digit of 6478119?
1
What is the thousands digit of 91729?
1
What is the hundreds digit of 15157659?
6
What is the hundred thousands digit of 13081531?
0
What is the thousands digit of 344033?
4
What is the ten thousands digit of 3760891?
6
What is the units digit of 1130531?
1
What is the tens digit of 2325189?
8
What is the tens digit of 2383823?
2
What is the ten thousands digit of 261842?
6
What is the hundreds digit of 1122609?
6
What is the hundreds digit of 908142?
1
What is the tens digit of 269337?
3
What is the ten thousands digit of 265080?
6
What is the ten thousands digit of 7810545?
1
What is the thousands digit of 395191?
5
What is the hundred thousands digit of 1213951?
2
What is the tens digit of 222892?
9
What is the tens digit of 1688439?
3
What is the thousands digit of 8215063?
5
What is the hundreds digit of 397581?
5
What is the thousands digit of 984189?
4
What is the units digit of 86486?
6
What is the units digit of 88096?
6
What is the units digit of 4444059?
9
What is the ten thousands digit of 92514?
9
What is the thousands digit of 193568?
3
What is the hundred thousands digit of 473102?
4
What is the units digit of 1316242?
2
What is the tens digit of 18632348?
4
What is the hundreds digit of 17101906?
9
What is the ten thousands digit of 2077160?
7
What is the units digit of 154314?
4
What is the millions digit of 2380004?
2
What is the tens digit of 714493?
9
What is the units digit of 5454893?
3
What is the thousands digit of 1260413?
0
What is the thousands digit of 21962275?
2
What is the hundreds digit of 2527143?
1
What is the hundreds digit of 184102?
1
What is the hundred thousands digit of 312226?
3
What is the ten thousands digit of 1319212?
1
What is the hundred thousands digit of 8422976?
4
What is the hundreds digit of 4820599?
5
What is the hundreds digit of 466699?
6
What is the ten thousands digit of 258454?
5
What is the thousands digit of 18142889?
2
What is the tens digit of 234047?
4
What is the hundred thousands digit of 594359?
5
What is the hundreds digit of 135107?
1
What is the tens digit of 529159?
5
What is the units digit of 526630?
0
What is the thousands digit of 1197420?
7
What is the hundred thousands digit of 15353744?
3
What is the thousands digit of 15852?
5
What is the thousands digit of 3709055?
9
What is the thousands digit of 2537369?
7
What is the hundred thousands digit of 14638212?
6
What is the tens digit of 893370?
7
What is the thousands digit of 21845?
1
What is the tens digit of 18046212?
1
What is the hundreds digit of 660460?
4
What is the hundreds digit of 30549?
5
What is the units digit of 14189203?
3
What is the units digit of 11993724?
4
What is the ten thousands digit of 3190344?
9
What is the ten thousands digit of 547376?
4
What is the hundreds digit of 843205?
2
What is the hundred thousands digit of 1398767?
3
What is the tens digit of 13963067?
6
What is the tens digit of 141237?
3
What is the ten thousands digit of 7139291?
3
What is the hundreds digit of 28776141?
1
What is the hundred thousands digit of 1057742?
0
What is the hundreds digit of 454675?
6
What is the units digit of 2948749?
9
What is the tens digit of 254979?
7
What is the thousands digit of 5072986?
2
What is the millions digit of 8355110?
8
What is the units digit of 78132?
2
What is the hundreds digit of 1495268?
2
What is the tens digit of 4824752?
5
What is the hundreds digit of 73407?
4
What is the hundred thousands digit of 3014974?
0
What is the ten thousands digit of 505560?
0
What is the hundreds digit of 2422029?
0
What is the units digit of 236750?
0
What is the ten thousands digit of 737529?
3
What is the tens digit of 67834?
3
What is the thousands digit of 264010?
4
What is the units digit of 1657800?
0
What is the millions digit of 3204611?
3
What is the units digit of 1446676?
6
What is the tens digit of 305950?
5
What is the thousands digit of 30307589?
7
What is the hundred thousands digit of 644644?
6
What is the thousands digit of 4407425?
7
What is the ten thousands digit of 1497407?
9
What is the ten thousands digit of 331413?
3
What is the ten thousands digit of 1119609?
1
What is the hundred thousands digit of 2837199?
8
What is the units digit of 18996788?
8
What is the millions digit of 5016926?
5
What is the hundreds digit of 69299?
2
What is the ten thousands digit of 2576755?
7
What is the ten thousands digit of 10143644?
4
What is the units digit of 167931?
1
What is the tens digit of 310694?
9
What is the hundreds digit of 34209853?
8
What is the tens digit of 3235617?
1
What is the hundreds digit of 260630?
6
What is the units digit of 2638811?
1
What is the ten thousands digit of 8456051?
5
What is the units digit of 2045736?
6
What is the hundreds digit of 222542?
5
What is the thousands digit of 361011?
1
What is the ten thousands digit of 421300?
2
What is the units digit of 4630432?
2
What is the units digit of 248791?
1
What is the ten thousands digit of 1615194?
1
What is the ten thousands digit of 758608?
5
What is the tens digit of 987787?
8
What is the ten thousands digit of 1760720?
6
What is the hundreds digit of 1248777?
7
What is the thousands digit of 6225858?
5
What is the ten thousands digit of 6248325?
4
What is the tens digit of 5771474?
7
What is the units digit of 4484777?
7
What is the thousands digit of 7760?
7
What is the millions digit of 4137131?
4
What is the thousands digit of 10869229?
9
What is the hundreds digit of 749468?
4
What is the hundreds digit of 177675?
6
What is the ten thousands digit of 1229886?
2
What is the thousands digit of 133658?
3
What is the hundred thousands digit of 2400084?
4
What is the thousands digit of 828515?
8
What is the ten thousands digit of 313373?
1
What is the thousands digit of 11646051?
6
What is the thousands digit of 140194?
0
What is the thousands digit of 1939439?
9
What is the thousands digit of 496640?
6
What is the hundreds digit of 252341?
3
What is the tens digit of 595916?
1
What is the ten thousands digit of 345702?
4
What is the millions digit of 12433261?
2
What is the hundreds digit of 148821?
8
What is the thousands digit of 5159612?
9
What is the tens digit of 1348?
4
What is the thousands digit of 1855119?
5
What is the ten thousands digit of 1269666?
6
What is the hundred thousands digit of 10392219?
3
What is the thousands digit of 2628023?
8
What is the thousands digit of 186277?
6
What is the thousands digit of 450681?
0
What is the tens digit of 25065294?
9
What is the millions digit of 12341160?
2
What is the hundred thousands digit of 3399383?
3
What is the units digit of 482639?
9
What is the millions digit of 2590450?
2
What is the thousands digit of 7704050?
4
What is the hundred thousands digit of 156525?
1
What is the tens digit of 865845?
4
What is the units digit of 1161388?
8
What is the hundred thousands digit of 2977415?
9
What is the units digit of 29524330?
0
What is the hundred thousands digit of 203849?
2
What is the thousands digit of 198671?
8
What is the hundred thousands digit of 1498486?
4
What is the hundreds digit of 11465740?
7
What is the ten thousands digit of 2226990?
2
What is the tens digit of 8828326?
2
What is the thousands digit of 176141?
6
What is the tens digit of 2206345?
4
What is the millions digit of 4856700?
4
What is the hundreds digit of 3223177?
1
What is the ten thousands digit of 61215?
6
What is the units digit of 2573404?
4
What is the hundreds digit of 457547?
5
What is the ten thousands digit of 278018?
7
What is 